6*n**4 + 0*n**2 - 14*n. Determine c(-1).
0
Suppose -22*f - 9 + 119 = 0. Let c(m) = -2*m**2 + 6*m - 4. Determine c(f).
-24
Let t(l) = 3*l**2 - 5*l - 9. Let v be 0 - (-5)/10*10. Let z be (-9)/v - 64/(-80). Let i(j) = j**2 + j. Let h(c) = z*t(c) + 2*i(c). Give h(7).
9
Let q(b) = -2*b + 22. Let a be q(10). Let v(s) = a - 482*s - 3 + 483*s. What is v(7)?
6
Let s = -6 - -14. Let u(r) be the first derivative of -3*r**2/2 + 6*r - 61. Calculate u(s).
-18
Let q = -212 - -213. Let h(p) = -5*p**2 - p. Calculate h(q).
-6
Let o(i) = -i**3 - 4*i - 69. Let k(z) = z**3 + z**2 + 3*z + 59. Let v(r) = 6*k(r) + 5*o(r). Let q be 1/(1*2/(-14)). Give v(q).
-26
Let g(x) be the first derivative of 3*x**2 + 11*x - 14. Let c(b) = 5*b + 11. Let s(n) = -5*c(n) + 4*g(n). Let i = -9 + 3. Determine s(i).
-5
Let u be 28/(-16) + (-1)/4. Let x(h) = -3*h**2 - 2*h + 11. Let q(r) = 4*r**2 + r - 18. Let p(j) = -2*q(j) - 3*x(j). What is p(u)?
-1
Suppose -35 = -2*o - 5. Let c(i) = -i**3 + 14*i**2 + 14*i + 16. Determine c(o).
1
Let s(v) be the first derivative of v**4/4 - v**3 - 5*v**2/2 + 2*v - 38. Determine s(5).
27
Let f(b) = -7. Let j(i) = i - 4. Let u(x) = -5*f(x) + 5*j(x). Give u(-4).
-5
Let z(q) = -2*q**2 - q + 2. Let l(f) = f**2 - 1. Let a(s) = -l(s) - z(s). Suppose 4*y - 16 = -4*j, -3*y + 95 = 4*j + 81. Calculate a(y).
5
Let l(f) = 6*f - 1. Suppose 5*p = -2*r + 66, -1 + 7 = 3*p. Let o be (176/r + -2)*7. Suppose 0*v - 5*h = 5*v - o, -3*h + 16 = v. What is l(v)?
5
Let x(g) = -17*g**3 - g**2 + g - 1. Let t = -13 + 15. Suppose -v - 4*c = -13, -4*v - 3*c - t = -5*c. What is x(v)?
-18
Suppose -2*v = -3*v + 2. Let c(l) = l + 2. Let a be c(4). Let f(g) = 5*g - 2 - g**2 + 5*g - a*g + v*g. Calculate f(5).
3
Let b(g) = g**3 - 14*g**2 + 21*g + 21. Let k be b(12). Let f(l) = 2*l**2 + 30*l + 10. What is f(k)?
10
Suppose -3*o + 59 = -34. Let f(q) = o*q - 19*q - 28*q. Determine f(-1).
16
Let o be (-1)/(-1) + (-9)/(-9). Let k(w) = -o*w - 728 + 728. What is k(-3)?
6
Let t(q) = 2*q**3 - 3*q**2 - q + 2. Let v be (-10)/4*52/(-65). Suppose -v*g + 5*g = 6. Calculate t(g).
4
Let y(c) = -2*c**3 - 3*c**2 - 2*c - 3. Let p be 1351/28 - (-3)/(-12). Suppose -x = -46 + p. Calculate y(x).
5
Let x(i) = 3*i**3 + 5*i**2 - 8*i + 5. Let q(n) = 13*n**3 + 21*n**2 - 33*n + 21. Let v(t) = -2*q(t) + 9*x(t). Calculate v(-5).
-17
Let p(q) = 6 + 10*q + 2 + q**2 - 1 - 4. Calculate p(-5).
-22
Let z(a) be the second derivative of a**4/12 + a**3/2 - a**2 - a. Let i be z(-2). Let y(w) be the first derivative of -w**2 - 4*w - 1. What is y(i)?
4
Let h(o) be the second derivative of -o**8/1344 - o**7/2520 - o**6/720 - o**4 + 7*o. Let q(y) be the third derivative of h(y). Determine q(-1).
5
Let y(n) = 9*n**2 - 10*n - 3. Let d(s) = 8*s**2 - 9*s - 3. Let g(k) = -3*k - 6. Let p be g(0). Let c(a) = p*y(a) + 7*d(a). Calculate c(3).
6
Let b(j) be the first derivative of 2*j**2 + 2*j + 409. Calculate b(-3).
-10
Suppose h + 9 = 5. Let n(s) = -3 + s - 2 + 6. Let d be n(h). Let q(t) = t**2 - 2. Calculate q(d).
7
Let y(s) = s**3 - 8*s**2 - 5*s - 6. Let w(f) = f**3 - 7*f**2 - 4*f - 4. Let p(l) = -4*w(l) + 3*y(l). Let m = 15 + -11. Give p(m).
2
Let r(a) = 3*a - 2. Let w be 1/(-2)*-18*(-8)/24. Determine r(w).
-11
Let t(y) = -4*y**3 + y**2 - 3*y - 6. Let g(p) = -5*p**3 + p**2 - 4*p - 7. Let q(f) = 3*g(f) - 4*t(f). Suppose n = -n. Let w be n/((-8)/(-12)*3). Calculate q(w).
3
Let s(c) be the third derivative of -c**6/120 - c**5/60 + c**3/3 - 17*c**2 + 3*c. Calculate s(-2).
6
Let a be ((-48)/(-15))/(6/15). Let x(s) be the third derivative of s**6/120 - 7*s**5/60 - s**4/3 - s**3/3 + s**2. What is x(a)?
-2
Let v(f) = 13*f + f**3 - 7 + 3 + 4*f**2 - 20*f. Let a = -146 + 141. What is v(a)?
6
Let m(c) = -c**3 + c**2 - 3*c + 2. Let b be m(0). Let k(q) be the first derivative of q**4/4 - 2*q**3 + q**2 + 2*q + 1. Calculate k(b).
-10
Let v be 9/(-6) - (-6)/(-4). Let p(j) = -4*j + 3*j - 6 + 2. Determine p(v).
-1
Let d(a) = 0*a - 71 + 55 + a. Give d(7).
-9
Let c(g) = 29*g + 2. Let y be c(1). Let m = -35 + y. Let l(v) = v**2 + 5*v + 3. Calculate l(m).
-1
Let g(q) = 3*q**2 + 4*q - 3. Let t(o) = o**2 - 25*o + 2. Let z be t(25). Determine g(z).
17
Let v(r) = r + 2. Let f(z) = -7*z - 15. Let a(x) = f(x) + 5*v(x). What is a(-4)?
3
Let w(a) be the third derivative of -a**5/60 - a**4/4 + a**3/2 - 357*a**2. Give w(-8).
-13
Suppose 2*a = s - 3, -5*s + 5*a + 14 = -6. Let y(q) = -q**3 + 4*q**2 + 6*q - 3. Give y(s).
2
Suppose 2*o + 0*o = -12. Let q(y) be the third derivative of y**6/120 + y**5/10 - y**4/12 - 7*y**3/6 + 44*y**2. What is q(o)?
5
Let i(v) be the second derivative of v**5/120 - v**4/3 + v**3/6 + 2*v. Let t(f) be the second derivative of i(f). Suppose u + 7*u = 0. What is t(u)?
-8
Let j(t) = -12*t + 95. Let c be j(8). Let n = 0 - -10. Let q(b) = 0*b - b + n*b + 0 + 1. Determine q(c).
-8
Let m(q) = -q**2 + 8*q - 6. Let t be m(7). Let y(l) = l - l + 0*l - t + l. Determine y(-4).
-5
Suppose a + 5*l - 43 = -2*a, -4 = 4*l. Let t = a - 11. Suppose -10 = -t*o - 0*o. Let j(i) = -4*i + 2. What is j(o)?
-6
Let y be -3 + (3/2)/(2/4). Suppose 6*t + 0*t - 12 = y. Let j(m) = m**2 - 2. Give j(t).
2
Let a(z) = -7*z**2 - 2*z + 7. Let u(f) = -13*f**2 - 4*f + 13. Let j(d) = -7*a(d) + 4*u(d). Suppose -16*p = -15*p - 2. What is j(p)?
-13
Let x(a) be the second derivative of 1/6*a**3 + 1/10*a**5 + 2*a - 1/4*a**4 + 0 - a**2. Suppose 0 = 4*j - 3 - 5. Calculate x(j).
4
Let n(c) be the first derivative of 5*c**3/3 - c + 236. Suppose 0 = -4*l + 4, 4*j - 3 = -j + 2*l. What is n(j)?
4
Suppose -7 = -5*z + 3. Let h(c) = -z + 32*c - 52*c + 24*c + 5. Give h(-4).
-13
Let o(y) = -2*y**2 - 29*y + 4. Let q(b) = b**2 + 15*b - 2. Let j(t) = -6*o(t) - 11*q(t). Let h be ((-2)/(-4))/((-2)/24). Give j(h).
-20
Suppose 5*v = 4*j - 32, j + 11*v = 7*v - 13. Let p(u) = -2 - 4*u - j - 16*u**2 + 4*u**2 + 8*u**2 - u**3. Calculate p(-4).
11
Let z(g) be the third derivative of -g**6/120 + g**5/15 + g**4/3 - g**3 + g**2 - 111. Determine z(5).
9
Let l be -1 + -3 + 2 + -12 + 14. Let m(p) be the second derivative of 1/6*p**4 - 1/6*p**3 + l*p**2 + 6*p + 0. Determine m(-2).
10
Suppose 0 = p + p. Let f(n) = 3 + 3*n + 8*n - n**3 + 0*n - 6*n - 4*n. What is f(p)?
3
Let p(z) = -7*z + 5. Suppose 2*u = -4*u + 24. Suppose 35 = -u*i - i. Let b(o) = -4*o + 2. Let w(l) = i*b(l) + 3*p(l). Calculate w(2).
15
Let i(l) = 5 - 4 + l**2 - 4 + 5. What is i(2)?
6
Let f(n) = -5*n + 4*n + 9 + 3*n. Let v = 72 + -72. Suppose v = 5*z + 4*k + 55, -k + 25 = -6*k. Determine f(z).
-5
Let z(b) = b - 11. Let i be z(7). Let y(w) be the third derivative of -w**2 + 7/6*w**3 + 1/24*w**4 + 0 + 0*w. What is y(i)?
3
Let o(n) be the first derivative of -1/3*n**3 + 24 + 1/2*n**2 - 11/4*n**4 - n. Let z = -2 + 3. What is o(z)?
-12
Let q(f) be the third derivative of -f**6/120 - f**5/30 + f**4/6 + f**3/2 - 224*f**2 - 3. Let y = 1 + -4. Give q(y).
0
Let g be 1/(2/9)*36/(-27). Let x(h) = -3*h - 5. Let t(o) = 1. Let p(a) = -4*t(a) - x(a). Determine p(g).
-17
Let b(v) = -37*v - 15. Let a(l) = 7*l + 3. Let k(p) = 11*a(p) + 2*b(p). Let r be 1 - 0 - (6 + -2). Calculate k(r).
-6
Let j(g) = g**3 - 8*g**2 + 15*g - 61. Let k be j(7). Let p(w) = -8*w - 34. Calculate p(k).
6
Let z = 8 - 4. Let d be -1*((4 - 8) + 4). Let n(h) = d + 15*h + 2 - 16*h. Calculate n(z).
-2
Let b be ((-1)/2)/(15/2940). Let q = 86 + b. Let f(s) = -s - 15. What is f(q)?
-3
Let h(l) be the first derivative of -l**3/3 - 9*l**2/2 - 8*l - 20. Give h(-6).
10
Let o = -2024 + 2010. Let i(b) = -5*b - 69. What is i(o)?
1
Let o(n) be the third derivative of -n**4/4 - n**3/6 - 15*n**2 + 2*n. Suppose 2 = -4*s + 18. Suppose -3*c - s*z - 25 = 2*c, -2*c = -3*z - 13. Calculate o(c).
5
Let o(m) be the first derivative of -1 - 3*m + 5/2*m**2 + 1/3*m**3. Let y be (-4 + 0)*(-36)/(-24). Calculate o(y).
3
Let c(a) = a**3 + 16*a**2 - 5. Let v(w) = 2*w**2 + 52*w - 190. Let g be v(-29). Give c(g).
-5
Let m(c) = -3*c + 3. Suppose 7*x - 2*x - 5*z + 5 = 0, x + 10 = 4*z. Calculate m(x).
-3
Let l(b) = 5*b**2 + 11*b - 19. Let d(x) = 2*x**2 + 4*x - 7. Let h(v) = -8*d(v) + 3*l(v). Give h(-2).
-7
Let m(i) = -26*i + 14*i + 11*i + 7 - 6 + 22. Calculate m(12).
11
Let f(c) = -15*c**2 + 11*c + 4*c**2 - 584*c**3 + 1168*c**3 - 583*c**3 - 12. What is f(10)?
-2
Suppose 14*l + 13 = 41. Let o(h) be the second derivative of 1/20*h**5 - 7/6